 digit of w?
9
Suppose 27*f - 10*f - 362984 = 0. What is the ten thousands digit of f?
2
Suppose 1 = -g - b + 15, 5*g - 3*b = 30. Let f(x) = -x**3 + 13*x**2 - 5*x - 37. What is the tens digit of f(g)?
4
Suppose -2*w + 516 = -3*u, 5*u + 878 = -5*w + 18. Let d(h) = 70*h - 33. Let p be d(-3). Let n = u - p. What is the tens digit of n?
7
Suppose -5*f = -2*d + 3*d - 14, -14 = -3*f + 5*d. Suppose f*v + 9 = 0, -13*n + 1482 = -10*n + 2*v. What is the hundreds digit of n?
4
Suppose 101*r - 213*r + 707168 = 0. What is the thousands digit of r?
6
Suppose 7 = b - 5*w - 13, -2*b - 2*w = 8. Suppose b = -13*h + 5*h + 696. Let f = h - 29. What is the tens digit of f?
5
What is the thousands digit of 17166/4 - (-938)/268?
4
Let c(l) = 44*l + 38. Let d be c(-5). Let a = d - -479. What is the hundreds digit of a?
2
Let r be 13/156 - (-68302)/24. Suppose -m - 3*f = -1848, 2*m + 2*f = r + 866. What is the tens digit of m?
6
Let p(q) = q + 17. Let v be p(-17). Suppose 2478 = -v*c + 7*c. Suppose 5*a - 2*l - c = -5*l, -2*a - l + 141 = 0. What is the tens digit of a?
6
Let i be 15*(4 - (7 - 2)). What is the thousands digit of (12604/(-69))/((-13)/i + -1)?
1
Suppose -4*d - 2*w = -6*d + 276, 5*w = -d + 144. Let s = d + -23. What is the tens digit of s?
1
Suppose 14490 = -277*z + 295*z. Suppose -m + z = -734. What is the units digit of m?
9
Let w(x) = -3*x**2 - 24*x - 12. Let u be w(-5). What is the tens digit of 58 + 3 + (u - 25)?
6
Let s(a) = -3*a**2 + 57*a + 24. Let i be s(19). Suppose -5*t - i*t = -54781. What is the units digit of t?
9
Suppose -123*r + 128*r = 25. Suppose 2*n + 640 = -r*x, -263 + 7 = 2*x + 2*n. Let q = -70 - x. What is the tens digit of q?
5
Let i(s) = -153*s - 6265. What is the units digit of i(-101)?
8
Suppose -666127 - 1865083 = -110*n. What is the thousands digit of n?
3
Let t be (0 + -1)*4/(-8)*98. Let g be 2/(-7) + 14/t*15. What is the units digit of (-4 + g - 26)*-9?
4
Let x(u) = -u**3 - 29*u**2 - 10*u - 8. Let y be x(-29). Suppose -164 = -b + d, 3*b + 4*d - y - 196 = 0. Suppose -13*q + b = -7*q. What is the units digit of q?
7
Suppose -2*a + 2*i = -2*i + 4, -4*a + 7 = -3*i. Let j be 4*-1*((-253)/2 - a). Suppose 10*x - 3342 = -j. What is the tens digit of x?
8
Let u = 64263 + -33656. What is the hundreds digit of u?
6
Suppose -5*z - 35370 = 125*g - 130*g, z = 0. What is the hundreds digit of g?
0
Suppose 248*i - 127003 - 70333 = 240*i. What is the units digit of i?
7
Suppose 0*o + 3 = -3*o. What is the hundreds digit of (1/(-5) - o)/((-4)/(-2290))?
4
Suppose 0 = f - 2 + 4. Let w(q) = -11*q**3 - 4 + 12 - 10 - q. What is the tens digit of w(f)?
8
Suppose 0 = 2*g - 2*u - 14, -g = u + 3*u + 8. Let t be -15*(-1 - (g + -7)). Let w = 214 + t. What is the tens digit of w?
8
Let t(b) = -44*b + 21509. What is the ten thousands digit of t(-35)?
2
Let r(g) = -13*g + 20. Suppose -p = 3*p - 4*a - 20, -4*p = 5*a - 38. Suppose -p*m = 36 - 8. What is the units digit of r(m)?
2
Let r(m) = -910*m**3 + 2*m**2 - 2*m + 1. What is the tens digit of r(-2)?
9
Let u(a) = 17*a**3 + a**2 + 7*a - 4. Let v(j) = j**2 - 11*j - 177. Let q be v(-9). What is the tens digit of u(q)?
8
Let f = -11348 + 24472. What is the hundreds digit of f?
1
Let s(v) = -380*v + 88. Let m be s(-5). Let d = m - 1397. What is the units digit of d?
1
Let j = -584 - -1934. Suppose -h - 9*h + j = 0. What is the units digit of h?
5
Let q = -302 - -14444. What is the ten thousands digit of q?
1
Suppose 112*i - 1082587 - 423906 = -461085. What is the hundreds digit of i?
3
Suppose 50*g = -74*g + 30*g + 2125340. What is the thousands digit of g?
2
Let o = 747 - 748. Let c = 48 + -72. What is the units digit of o/(3/4)*c/16?
2
Let c(j) = 37*j**2 + 7*j + 11. Let h be c(-4). Let b = -364 + h. What is the tens digit of b?
1
Let g be -17*3/((-15)/10). Suppose d = k - 89, 0 = -d - k - 49 - g. Let z = d - -160. What is the units digit of z?
4
Let j(k) = -277*k - 612. What is the units digit of j(-24)?
6
Suppose -2*j - 6*l = -3*l + 57, 3*j + 4*l = -88. Let o be 14715/(-54)*j/5. Suppose -13*a + o + 443 = 0. What is the hundreds digit of a?
1
Let y be (2 + (-11)/2)*(0 + -2). Suppose m + 4 = 2*h - y, -m - 16 = -3*h. Suppose 0 = k + 2*c - 66, -257 = k - h*k - c. What is the tens digit of k?
6
Suppose 48 = 2*k + 4*k. Suppose 12 = 4*q - k. Suppose 3*p = -q*p + 512. What is the tens digit of p?
6
Let a = 234 - 230. What is the tens digit of 17252/19 - a/1?
0
Let g(s) be the first derivative of s**2/2 + 22*s + 4. Let l be g(-10). Suppose -z = -l - 86. What is the tens digit of z?
9
Let t(v) = 13*v - 90. Let x be t(10). Suppose 0 = 37*h - x*h + 1458. What is the hundreds digit of h?
4
Suppose -2815*x + 710994 = -2744*x. What is the tens digit of x?
1
Let y = 15942 - -12971. What is the ten thousands digit of y?
2
Let l = -438 - -440. Suppose 8 = 4*p, 1087 - 128 = o - l*p. What is the units digit of o?
3
Let u be (-2*1)/((-2)/32). Suppose -50*w + 267 = 49*w - 10*w. Suppose w*v - 2*d - u = -v, -2 = -v - d. What is the units digit of v?
6
Let v(b) = 13*b**2 - 4*b + 9. Let m be (13/(-5) - -1)*(-200)/80. Suppose m*x = 61 - 45. What is the tens digit of v(x)?
0
Let s(i) = 20*i + 58. Let u(g) = -87 + 6*g + 2*g - 16*g - 22*g. Let c(j) = -7*s(j) - 5*u(j). What is the units digit of c(0)?
9
Let r be 4 + -5 - -5 - -49. Suppose 62*c - 333 = r*c. What is the tens digit of c?
3
Let f = 10838 - 2307. What is the units digit of f?
1
Let w(o) = 19*o + 42. Let z(m) = 4*m. Let i(t) = 4*w(t) + 4*z(t). What is the units digit of i(12)?
2
Suppose 5*z - 237536 = 3*a, z + 4*a = 25425 + 22119. What is the units digit of z?
2
Let z(b) = 141*b**2 + 18*b - 32. What is the thousands digit of z(-11)?
6
What is the units digit of (((-48)/(-32))/((-99)/1217678))/((-1)/3)?
9
Let p(u) be the second derivative of -20*u + 4/3*u**3 - 1/12*u**4 - 3*u**2 + 0 + 1/5*u**5. What is the units digit of p(3)?
7
What is the thousands digit of 2/(-3)*-534*(36 + -2)?
2
Suppose -23*o + 5*o = -36. Suppose 4*a = -4*l + 32, -o*a - 4*l = -4*a + 46. What is the units digit of a?
3
Let n = -4013 - -9281. Suppose -20*t + 72 = -n. What is the tens digit of t?
6
Suppose -4*y + 28602 = 6*k + 3272, 0 = -y - 3*k + 6325. What is the hundreds digit of y?
3
Let b be 768/24*2/(-4). Let m be (-1 - -5)*724/b. Let s = -116 - m. What is the units digit of s?
5
Let d = -105 - -166. Suppose d*h - 57*h - 2000 = 0. What is the tens digit of h?
0
What is the ten thousands digit of ((-5)/(35/4))/((-36)/1933974)?
3
What is the tens digit of 2 + 14/(-10) - 702178/(-545)?
8
Let w(f) = -4*f - 9. Let p be w(-3). Let d be 1369/3 - p/(27/(-6)). Let g = d + -314. What is the units digit of g?
3
Let d(o) = 75*o**2 + 2*o + 60. What is the thousands digit of d(6)?
2
Let j(d) = 8*d - 4*d - 27 - 3*d. Let w be j(-13). Let k = 49 + w. What is the units digit of k?
9
Let w(z) = z**2 - 10*z + 7. Let p be w(7). Let b(j) = -2*j + 5*j**3 - j**3 - 4*j**3 - 14*j**2 - j**3 - 5. What is the tens digit of b(p)?
2
Let b(z) = 4*z**2 + 6*z + 14. Let k be b(-2). Let o = 357 + k. What is the units digit of o?
5
Let p = -4174 + 9025. What is the units digit of p?
1
Let b = 193 - 170. Suppose b*c - 13983 = 3980. What is the hundreds digit of c?
7
Let v(m) = -m**3 - 6*m**2 + 29*m + 12. Suppose 2*t + 2*h = -18 - 10, t = -3*h - 16. What is the hundreds digit of v(t)?
8
What is the hundreds digit of (1*3/(-2))/((-4)/3744)?
4
Let z(a) = 11*a**3 - 2*a**2 - a - 1. Let t be z(3). Let x(f) = 180*f**2 - 5225*f + 35. Let w be x(29). Let p = w + t. What is the hundreds digit of p?
1
What is the ten thousands digit of 6*(-520898)/(-290)*(-5)/(-2)?
2
Let x(h) be the third derivative of 0*h - 1/6*h**4 - 2/3*h**3 - 21*h**2 + 1/120*h**6 + 0 + 3/20*h**5. What is the units digit of x(-9)?
2
Let t(r) = r**2 + r. Let f(h) = -6*h**2 - 2*h + 24. Let s(z) = -f(z) - 4*t(z). Let c be (-333)/259 - (-65)/7. What is the tens digit of s(c)?
8
Let w(n) = 2*n + 38. Let a be w(-17). Suppose -5*d + 2*g = -1042 - 604, -3*g - 1321 = -a*d. Suppose 10*f - 6*f = d. What is the tens digit of f?
8
Suppose -3*k = 3*i - 174, 50 = -2*k + 3*k - i. Suppose 3*z + k = 48. What is the units digit of 363/9 - (32/(-12) - z)?
1
Suppose 2*n - 1184 = -6*n. Let v = n - 99. What is the tens digit of v?
4
Suppose 0 = -4*j - 196 + 208. Suppose -10*w + 11*w - 2*x - 812 = 0, 0 =